{"id":8,"date":"2021-02-06T13:07:02","date_gmt":"2021-02-06T12:07:02","guid":{"rendered":"http:\/\/transidenticlic.com\/?page_id=8"},"modified":"2023-05-14T14:27:12","modified_gmt":"2023-05-14T12:27:12","slug":"premiere-consultation","status":"publish","type":"page","link":"https:\/\/transidenticlic.com\/index.php\/premiere-consultation\/","title":{"rendered":"Consultation"},"content":{"rendered":"<h3>Historique m\u00e9dical<\/h3>\n<p>A retracer de mani\u00e8re <b>respectueuse<\/b> : ne pas insister, respecter si refus de la personne et proposer d\u2019en rediscuter plus tard.<\/p>\n<p>Questions simples : <i><b>\u00ab Quelle est votre identit\u00e9 de genre? Quel sexe vous a \u00e9t\u00e9 assign\u00e9 \u00e0 la naissance? \u00bb<\/b><\/i><\/p>\n<p>Recherche les \u00e9ventuelles <b>auto-m\u00e9dications hormonales<\/b> pass\u00e9es (avec bienveillance!).<\/p>\n<p><b>Expliquer<\/b> pourquoi on recherche certaines choses dans l&rsquo;historique.<\/p>\n<p><b>Demander<\/b> \u00e0 la personne si des choses lui semblent importantes \u00e0 mentionner.<\/p>\n<h3>Examen clinique<\/h3>\n<p>Doit concerner uniquement les <b>parties du corps en rapport avec le motif de consultation<\/b>.<\/p>\n<p><b>Expliquer<\/b> le d\u00e9roulement de l&rsquo;examen <b>en amont<\/b> afin de pr\u00e9venir les angoisses.<\/p>\n<p>R\u00e9utiliser le <b>vocabulaire sp\u00e9cifique<\/b> employ\u00e9 par la personne pour d\u00e9signer les diff\u00e9rentes parties de son corps, le cas \u00e9ch\u00e9ant demander si elle souhaite en utiliser un.<\/p>\n<p>Si la personne doit se d\u00e9shabiller, l&rsquo;inviter \u00e0 le faire de mani\u00e8re s\u00e9curisante par exemple derri\u00e8re un <b>paravent<\/b>.<\/p>\n<h3>Biologie intiale en vue de la prise d&rsquo;un THS<\/h3>\n<table border=\"1\" cellspacing=\"1\" width=\"100%\">\n<tbody>\n<tr>\n<th align=\"center\"><b>Bilan hormonal<\/b><\/th>\n<th align=\"center\"><b>Autres<\/b><\/th>\n<\/tr>\n<tr>\n<td align=\"center\" valign=\"top\">Testost\u00e9rone<\/p>\n<p>Oestrog\u00e8ne<\/p>\n<p>Prolactine le matin \u00e0 jeun apr\u00e8s 20 min de repos<\/p>\n<p>LH<\/p>\n<p>FSH<\/p>\n<p>TSH<\/td>\n<td align=\"center\" valign=\"top\">NFS<\/p>\n<p>Bilan lipidique<\/p>\n<p>Glyc\u00e9mie \u00e0 jeun<\/p>\n<p>Bilan h\u00e9patique (ASAT, ALAT, GGT)<\/p>\n<p>Cr\u00e9atinine<\/td>\n<\/tr>\n<\/tbody>\n<\/table>\n<h3>Accompagnement<\/h3>\n<p>Estimer la <b>qualit\u00e9 du soutien<\/b> dont dispose la personne (amis, famille, entourage professionnel&#8230;).<\/p>\n<p>Proposer un <b>soutien psychologique<\/b> si la personne en ressent le besoin.<\/p>\n<p>\u00c9valuer les <b>ressources mat\u00e9rielles<\/b> et \u00e9ventuellement sugg\u00e9rer des aides, \u00e9valuer la <b>d\u00e9pendance financi\u00e8re<\/b> en pr\u00e9vision d&rsquo;une possible rupture familiale<\/p>\n<p>Pr\u00e9sentation des <b>ressources r\u00e9gionales<\/b> : remise d&rsquo;un document avec les adresses et contacts des associations.<\/p>\n<h3>Rechercher une \u00e9ventuelle dysphorie de genre<\/h3>\n<p>Cf <a href=\"https:\/\/i473ybezth.preview.infomaniak.website\/index.php\/lexique\/\">lexique<\/a><\/p>\n<p>\u261e Anxi\u00e9t\u00e9, d\u00e9pression et\/ou irritabilit\u00e9.<\/p>\n<p>\u261e Souffrance cliniquement importante ou troubles \u00e9vidents du fonctionnement social, professionnel ou dans d&rsquo;autres zones importantes de fonctionnement.<\/p>\n<p>N&rsquo;est <b>pas<\/b> une condition obligatoire du parcours trans et <b>ne d\u00e9termine pas<\/b> l&rsquo;acc\u00e8s \u00e0 l&rsquo;hormonoth\u00e9rapie et\/ou \u00e0 la chirurgie !<\/p>\n<p><a href=\"https:\/\/i473ybezth.preview.infomaniak.website\/index.php\/bibliographie\/\"><br \/>\n<\/a><\/p>\n<p><a href=\"https:\/\/www.chrysalide-asso.fr\/wp-content\/uploads\/2019\/10\/Chrysalide-Guide5.pdf\">Chrysalide<\/a>, <a href=\"https:\/\/wikitrans.co\/2018\/07\/08\/comment-me-comporter-face-a-une-personne-trans\/\">Wikitrans (1) <\/a>et <a href=\"https:\/\/wikitrans.co\/2020\/01\/12\/commencer-un-traitement-hormonal\/#3\">(2)<\/a><a href=\"https:\/\/wikitrans.co\/2018\/07\/08\/comment-me-comporter-face-a-une-personne-trans\/\">, <\/a>Protocole de sant\u00e9 trans de la Maison Dispers\u00e9e de Sant\u00e9 de Lille-Moulins, <a href=\"https:\/\/www.has-sante.fr\/upload\/docs\/application\/pdf\/2009-12\/rapport_transsexualisme.pdf\">HAS<\/a>, <a href=\"https:\/\/www.msdmanuals.com\/fr\/professional\/troubles-psychiatriques\/sexualit%C3%A9-dysphorie-de-genre-et-paraphilies\/dysphorie-de-genre-et-transsexualisme\">Manuel MSD<\/a>, Revue Prescrire avril 2020<\/p>\n<h6 align=\"right\"><i><p class=\"ocean-last-modified\">Derni\u00e8re modification le 14 mai 2023<\/p><\/i><\/h6>\n","protected":false},"excerpt":{"rendered":"<p>Historique m\u00e9dical A retracer de mani\u00e8re respectueuse : ne pas insister, respecter si refus de la personne et proposer d\u2019en rediscuter plus tard. Questions simples : \u00ab Quelle est votre identit\u00e9 de genre? Quel sexe vous a \u00e9t\u00e9 assign\u00e9 \u00e0 la naissance? \u00bb Recherche les \u00e9ventuelles auto-m\u00e9dications hormonales pass\u00e9es (avec bienveillance!). Expliquer pourquoi on recherche [&hellip;]<\/p>\n","protected":false},"author":1,"featured_media":0,"parent":0,"menu_order":0,"comment_status":"closed","ping_status":"closed","template":"","meta":{"_seopress_robots_primary_cat":"","_seopress_titles_title":"%%post_title%% %%sep%% %%sitetitle%%","_seopress_titles_desc":"El\u00e9ments importants d&#039;une consultation m\u00e9dicale dans le cadre d&#039;une transition de genre \/ transidentit\u00e9","_seopress_robots_index":"","ocean_post_layout":"","ocean_both_sidebars_style":"","ocean_both_sidebars_content_width":0,"ocean_both_sidebars_sidebars_width":0,"ocean_sidebar":"0","ocean_second_sidebar":"0","ocean_disable_margins":"enable","ocean_add_body_class":"","ocean_shortcode_before_top_bar":"","ocean_shortcode_after_top_bar":"","ocean_shortcode_before_header":"","ocean_shortcode_after_header":"","ocean_has_shortcode":"","ocean_shortcode_after_title":"","ocean_shortcode_before_footer_widgets":"","ocean_shortcode_after_footer_widgets":"","ocean_shortcode_before_footer_bottom":"","ocean_shortcode_after_footer_bottom":"","ocean_display_top_bar":"default","ocean_display_header":"default","ocean_header_style":"","ocean_center_header_left_menu":"0","ocean_custom_header_template":"0","ocean_custom_logo":0,"ocean_custom_retina_logo":0,"ocean_custom_logo_max_width":0,"ocean_custom_logo_tablet_max_width":0,"ocean_custom_logo_mobile_max_width":0,"ocean_custom_logo_max_height":0,"ocean_custom_logo_tablet_max_height":0,"ocean_custom_logo_mobile_max_height":0,"ocean_header_custom_menu":"0","ocean_menu_typo_font_family":"0","ocean_menu_typo_font_subset":"","ocean_menu_typo_font_size":0,"ocean_menu_typo_font_size_tablet":0,"ocean_menu_typo_font_size_mobile":0,"ocean_menu_typo_font_size_unit":"px","ocean_menu_typo_font_weight":"","ocean_menu_typo_font_weight_tablet":"","ocean_menu_typo_font_weight_mobile":"","ocean_menu_typo_transform":"","ocean_menu_typo_transform_tablet":"","ocean_menu_typo_transform_mobile":"","ocean_menu_typo_line_height":0,"ocean_menu_typo_line_height_tablet":0,"ocean_menu_typo_line_height_mobile":0,"ocean_menu_typo_line_height_unit":"","ocean_menu_typo_spacing":0,"ocean_menu_typo_spacing_tablet":0,"ocean_menu_typo_spacing_mobile":0,"ocean_menu_typo_spacing_unit":"","ocean_menu_link_color":"","ocean_menu_link_color_hover":"","ocean_menu_link_color_active":"","ocean_menu_link_background":"","ocean_menu_link_hover_background":"","ocean_menu_link_active_background":"","ocean_menu_social_links_bg":"","ocean_menu_social_hover_links_bg":"","ocean_menu_social_links_color":"","ocean_menu_social_hover_links_color":"","ocean_disable_title":"default","ocean_disable_heading":"default","ocean_post_title":"","ocean_post_subheading":"","ocean_post_title_style":"","ocean_post_title_background_color":"","ocean_post_title_background":0,"ocean_post_title_bg_image_position":"","ocean_post_title_bg_image_attachment":"","ocean_post_title_bg_image_repeat":"","ocean_post_title_bg_image_size":"","ocean_post_title_height":0,"ocean_post_title_bg_overlay":0.5,"ocean_post_title_bg_overlay_color":"","ocean_disable_breadcrumbs":"default","ocean_breadcrumbs_color":"","ocean_breadcrumbs_separator_color":"","ocean_breadcrumbs_links_color":"","ocean_breadcrumbs_links_hover_color":"","ocean_display_footer_widgets":"default","ocean_display_footer_bottom":"default","ocean_custom_footer_template":"0","footnotes":""},"class_list":["post-8","page","type-page","status-publish","hentry","entry"],"_links":{"self":[{"href":"https:\/\/transidenticlic.com\/index.php\/wp-json\/wp\/v2\/pages\/8","targetHints":{"allow":["GET"]}}],"collection":[{"href":"https:\/\/transidenticlic.com\/index.php\/wp-json\/wp\/v2\/pages"}],"about":[{"href":"https:\/\/transidenticlic.com\/index.php\/wp-json\/wp\/v2\/types\/page"}],"author":[{"embeddable":true,"href":"https:\/\/transidenticlic.com\/index.php\/wp-json\/wp\/v2\/users\/1"}],"replies":[{"embeddable":true,"href":"https:\/\/transidenticlic.com\/index.php\/wp-json\/wp\/v2\/comments?post=8"}],"version-history":[{"count":158,"href":"https:\/\/transidenticlic.com\/index.php\/wp-json\/wp\/v2\/pages\/8\/revisions"}],"predecessor-version":[{"id":2470,"href":"https:\/\/transidenticlic.com\/index.php\/wp-json\/wp\/v2\/pages\/8\/revisions\/2470"}],"wp:attachment":[{"href":"https:\/\/transidenticlic.com\/index.php\/wp-json\/wp\/v2\/media?parent=8"}],"curies":[{"name":"wp","href":"https:\/\/api.w.org\/{rel}","templated":true}]}}